Let n(d) = -2*d + 35. What is the remainder when n(0) is divided by 14?
7
Suppose 0*j - 128 = -4*j. Suppose 0 = -u - 3 - 6. Calculate the remainder when j is divided by (-2)/(-3) - 93/u.
10
Suppose -5 = 3*l + f, l + 11 + 9 = -4*f. Let x be 6/(-4)*(l + -2). Suppose -x*w - c = -1 - 1, 12 = -3*c. Calculate the remainder when w is divided by 2.
0
Suppose t + 10 = 4*m, -t - 3*m + 35 = 2*m. Suppose 19 = s - t. Calculate the remainder when s is divided by ((13 - 1) + -2)*1.
9
Let g(d) = -d**3 + 3*d**2 + 3*d + 1. Let a be g(4). Let w = a - -22. What is the remainder when w is divided by 10?
9
Calculate the remainder when 2/(-5*2/(-195)) is divided by 9.
3
Let v be (24/10)/(-2)*-25. Let b = v - 13. Suppose b = z - 0*z. Calculate the remainder when z is divided by 10.
7
What is the remainder when 33 is divided by ((-3)/(-5))/(2/30)?
6
Suppose v - 26 = -v. What is the remainder when 3 - (-7*3 - 0) is divided by v?
11
Let j = -7 - -14. Suppose 3*x = j*x - 40. Suppose w - x = -w, -5*c - 3*w = -100. What is the remainder when 50 is divided by c?
16
Let i(o) = -2*o + 39. Calculate the remainder when i(-9) is divided by 10.
7
Let x = -5 - -2. Let b = 0 - x. Suppose 0 = -q + 2*h - b*h + 11, 5*h = 10. Calculate the remainder when q is divided by 3.
0
Suppose 2*b = -4*b + 12. Suppose 0*f - 4*f + 12 = 0. Calculate the remainder when f is divided by b.
1
Let z = -15 + 5. What is the remainder when -2*7*z/4 is divided by 19?
16
Suppose -3*f + 4 = -2*f. Suppose 2*i = i + f. Suppose -22 = -3*h - t, -6*t + t = i*h - 22. What is the remainder when 23 is divided by h?
7
Suppose -4*h + 43 = -3*h. What is the remainder when h is divided by 15?
13
Let i = 3 + -17. Let y be (-6)/(-9) + i/(-6). Suppose 4*n + a - 88 = 0, y*a = -n - 4*n + 103. What is the remainder when n is divided by 8?
7
Suppose 5*k - 247 = -a, -2*k + 0*k + 102 = 2*a. Let m = k + -28. Calculate the remainder when 40 is divided by m.
19
Suppose -s - 3*u = -23, -u = 3*s - 52 + 15. What is the remainder when (-1)/(-4) - (-2 - 930/24) is divided by s?
8
Let x = -130 - -144. Calculate the remainder when 39 is divided by x.
11
Let w = -15 - -3. Calculate the remainder when ((-9)/w)/((-4)/(-16)) is divided by 3.
0
Let v(p) = -2*p + 14. Let o be v(6). Suppose o*g + 5*t = 25, 2*g - 6*g + 89 = -3*t. Calculate the remainder when 79 is divided by g.
19
Let s(c) = 12*c + 3. Let x(h) = 6*h - 1. Let b be x(-1). Let v(j) = j**3 + 6*j**2 - 7*j + 8. Calculate the remainder when s(1) is divided by v(b).
7
Let u(i) = i**3 + 13*i**2 - i - 3. Let o = -26 - -63. Calculate the remainder when o is divided by u(-13).
7
Let c(k) = k**3 - 6*k**2 + 6*k - 8. What is the remainder when 139 is divided by c(6)?
27
Suppose -2*x - v + 13 = 0, 3*v = x + 2 + 2. Suppose m + 7 = y, -x*y + 2*m + 23 = -18. Suppose -7*o = -62 - 57. Calculate the remainder when o is divided by y.
8
What is the remainder when (21/6)/(-7)*(-36 + 2) is divided by 10?
7
Let d be 4*(1 - 18/4). Calculate the remainder when 35 is divided by (-16)/56 - 172/d.
11
Let i(v) = v - 6. Calculate the remainder when 9 is divided by i(9).
0
Let z = -4 - -4. Suppose 0 = b + 4, 3*d - 35 = -z*d + 2*b. What is the remainder when 25 is divided by d?
7
Suppose z + 35 = 2*z - l, -l + 199 = 5*z. Calculate the remainder when z is divided by 21.
18
Let w be (-2 - 18/4)*2. Let n = 18 + w. Let p = -33 - -46. What is the remainder when p is divided by n?
3
Suppose -3*n = -a - 23, 3*a - 5 = 3*n - 32. Calculate the remainder when 25 is divided by n.
4
What is the remainder when 3 is divided by 4/14*(-28)/(-8)?
0
Suppose -2*p - 3 = 1. Let y = p - -27. What is the remainder when 98 is divided by y?
23
Let r(g) = -g**2 + 12*g - 9. Suppose -4*s - s - 52 = -3*l, -3*l = s - 40. Calculate the remainder when r(6) is divided by l.
13
Suppose 26 = g + 9. What is the remainder when 66 is divided by g?
15
Let t be (-4 + 2)/((-3)/6). Suppose t*j = j. Suppose 0 = -5*u - 3*g + 280, -2*u - 5*g + 3*g + 116 = j. Calculate the remainder when u is divided by 18.
17
Suppose 0 = a - 3*p + 13, 3*a + 16 = a + 4*p. Suppose -2*i - 32 = -4*i + a*z, -4*z = 16. Calculate the remainder when 46 is divided by i.
10
Suppose 3*h + 102 = 3*m + h, -m + 2*h + 38 = 0. Suppose 0 = -5*s + 52 + 3. What is the remainder when m is divided by s?
10
Let z(p) = p**3 + 6*p**2 + 4*p - 5. Let h be z(-5). Suppose 0 = 3*q - 24 - h. Let r(s) = s**2 + 4*s + 1. What is the remainder when r(3) is divided by q?
6
Let u = 2 - -1. Calculate the remainder when 9 is divided by u.
0
Suppose -26 - 67 = -d - p, -5*p - 5 = 0. Let s be (-2)/9 - d/(-18). Let a(k) = 3*k - 3. Calculate the remainder when 34 is divided by a(s).
10
Let s = -21 - -32. Let m(z) = z**2 + 2*z - 18. Calculate the remainder when m(-8) is divided by s.
8
Suppose -6*x + 2*x + 24 = 0. What is the remainder when 22 is divided by x?
4
What is the remainder when (-28)/21 + 0 + (-98)/(-6) is divided by 2?
1
Suppose 2*i = -4*v + 28, -3*i + 50 = 4*v - 0*v. Calculate the remainder when 62 is divided by i.
18
Let d(w) = 19*w - 99. Let b = 52 + 7. What is the remainder when b is divided by d(6)?
14
Let y = -5 - -55. Let n(d) be the first derivative of 15*d**2/2 + 2*d - 5. What is the remainder when y is divided by n(1)?
16
Suppose -4*u - 90 = -9*u. What is the remainder when 124 is divided by u?
16
Suppose 3*s = -5*k - 228, 4*k = -6*s + 3*s - 228. Let c = -24 - s. Calculate the remainder when c is divided by 27.
25
Suppose -12 = -6*x + 2*x. Let l(u) = x - 8 + 3*u + 0 - 2*u. Calculate the remainder when 11 is divided by l(8).
2
Let z(l) = l**3 - 15*l**2 + 19. Suppose 3*j - o - 44 = 0, 2*o - 3 = -1. Calculate the remainder when 73 is divided by z(j).
16
Let p(x) = -x + 60. What is the remainder when 182 is divided by p(23)?
34
Suppose 2 = -n, -4*n = -5*g - 2*n + 114. Calculate the remainder when 107 is divided by g.
19
Suppose -208 - 276 = -11*c. What is the remainder when c is divided by 16?
12
Let j = 17 + -15. Calculate the remainder when j is divided by 1.
0
Suppose 4*f = 3*f + 36. Suppose f + 40 = 2*u. Calculate the remainder when u is divided by 13.
12
Suppose 5*u - 102 = -32. Let n = -17 - -57. Calculate the remainder when n is divided by u.
12
Calculate the remainder when 89 is divided by 42/35*(26 - 1).
29
Let t = -6 - -12. Calculate the remainder when t is divided by 3.
0
What is the remainder when 30 is divided by (516/42 - 1) + (-4)/14?
8
Let t = 24 + -26. Let i = t + 16. What is the remainder when 38 is divided by i?
10
Let d = -64 - -87. Calculate the remainder when 43 is divided by d.
20
Suppose -c - 3 = -6. Let f(z) = 3*z + 4. Let v(q) = 10*q + 12. Let n(g) = 7*f(g) - 2*v(g). What is the remainder when 13 is divided by n(c)?
6
Let h = -7 - -12. Suppose -v - 4 = -2, -h*v = -5*k + 30. Let t = k - -10. Calculate the remainder when 40 is divided by t.
12
Let j(u) = -u**3 + 13*u**2 - 14*u + 10. Let b be j(11). Suppose -4*s + b - 34 = 0. Suppose 3*h - 27 = -0*h. Calculate the remainder when s is divided by h.
7
Let v = -5 - -17. Let r(w) = -3*w**3 - 14*w**2 - 17*w + 13. Let c(i) = i**3 - 1. Let a(b) = -4*c(b) - r(b). What is the remainder when a(15) is divided by v?
9
Suppose v = 20 + 52. Calculate the remainder when v is divided by 19.
15
Suppose -8 - 10 = -2*g. Suppose -f = -4*f + g. What is the remainder when f is divided by 1?
0
Suppose 0 = -5*o + n + 14, -o + 5*n - 2 + 0 = 0. Suppose o*k + i - 5 - 2 = 0, 5*k = 2*i + 30. What is the remainder when 10 is divided by k?
2
Let n = 13 + -14. What is the remainder when 114 is divided by 406/(-28)*(n - 1)?
27
Suppose -f = -5*n - 28, 3*f + f = -n + 28. What is the remainder when (106/(-4))/((-4)/f) is divided by 18?
17
Let i = 1 + 1. Let q(m) = -i + 6*m**2 + 1 + 0*m**2. Calculate the remainder when q(-2) is divided by 12.
11
Let b(s) = -s + 5. Let x be b(5). Suppose x*o = o - 3. Suppose 0 = 2*c - d - 24, 0 = -2*c - o*d - 0 + 24. What is the remainder when 46 is divided by c?
10
Suppose 0 = 3*i + 3*g - 48, 3*i - 53 = -4*g - 10. Let w = i + -8. What is the remainder when w is divided by (14/(-4))/(3/(-6))?
6
Suppose 4*d - d = 165. Calculate the remainder when d is divided by 19.
17
Suppose 2*c - 285 = -3*c. Let o(i) = 2*i**2 + 6*i - 5. Calculate the remainder when c is divided by o(-5).
12
Let i(c) = -c**2 + 2*c + 1. Let z be i(4). Let g(s) = 